- 1 = -2*f. Suppose c*o - 4 = -q + 2, -3*o = 0. Calculate the greatest common divisor of 54 and q.
6
Let d be ((-16 - -8) + 4)/(2/(-87)). Suppose 0 = -2*c + 231 + 1. What is the highest common divisor of c and d?
58
Suppose -5*m + 16 = -14. Let q = -642 - -657. What is the highest common factor of m and q?
3
Suppose -3*d + 166 + 134 = 0. Let s = -10 + 15. Let b be (8/s)/((-1)/(-25)). What is the highest common divisor of d and b?
20
Let n(w) = 361*w**3 - w**2 - w + 1. Let v be n(1). Calculate the highest common factor of 48 and v.
24
Let z = -49 + 34. Let o be (-288)/(-27)*z/(-4). Calculate the greatest common factor of o and 10.
10
Let c(p) = -p**3 + 2*p**2 - 3*p - 14. Let w be c(5). Let u = w + 196. What is the greatest common factor of u and 23?
23
Let s be 29 + (-182)/(-39)*12/14. Calculate the greatest common factor of s and 352.
11
Let r = 507 - 503. What is the greatest common factor of r and 17?
1
Let z = 33 - 18. Suppose -5*f - 595 = -5*b, -3*b - 386 = 3*f - 749. Calculate the highest common divisor of z and b.
15
Let c be 2/4 - (-4)/(40/105). Calculate the greatest common divisor of 242 and c.
11
Let q(i) = 7*i + 114. Let f be q(-15). What is the greatest common divisor of 21 and f?
3
Suppose 2*u = -2*o - 22 + 206, 3*u = 4*o + 248. Calculate the greatest common divisor of 44 and u.
44
Let j(o) = -o**2 - 3*o + 7. Let w be j(-4). Let t be (-4)/(4/(-6)*1). What is the highest common factor of t and w?
3
Suppose 0 = x + x + 2*v - 898, 0 = -3*x + 2*v + 1357. Calculate the highest common factor of 41 and x.
41
Let t be (-15)/(8 - 17/2). What is the greatest common divisor of 690 and t?
30
Let b(o) = o**2 - o - 14. Let c be b(8). Calculate the highest common divisor of c and 42.
42
Suppose -248 = 12*s - 2744. Calculate the greatest common factor of 13 and s.
13
Suppose 5*t + 55 = 5*s - 0*t, -t - 39 = -5*s. Suppose -s*k + 5 = -16. What is the greatest common divisor of 69 and k?
3
Suppose -h - h = 5*z + 17, 0 = -4*h - 5*z - 29. Let g be (-81)/(-6) - (-3)/h. What is the greatest common factor of g and 26?
13
Let g = -39 + 12. Let a be 2 + g - (1 - 1). Let z be (-439)/(-5) + (-5)/a. What is the greatest common divisor of 11 and z?
11
Suppose 4*w - 4*k - 176 = 0, 31 = -5*w + k + 263. What is the greatest common divisor of w and 47?
47
Let x(u) = 128*u - 20. Let q be x(3). Calculate the greatest common factor of 28 and q.
28
Suppose 0 = 4*v - y - 33, 4*v - 3*v = 3*y. Suppose 239 = o - 264. Suppose 2*x - 202 = -z, 2*x + 2*z = -3*x + o. What is the highest common divisor of x and v?
9
Suppose 5*h - 6*h + 41 = 0. What is the highest common divisor of h and 369?
41
Let j be 81/2*(-3 + (-7 - -12)). What is the greatest common divisor of 27 and j?
27
Let o = 29 + 26. Suppose -3*z - o = -5*p + 2*z, 2*p - 18 = z. Calculate the greatest common factor of 77 and p.
7
Let b be (-2 + -1)/3*-1. Let r be 102 - (0 + b - -2). Suppose f - 4*i - 124 = -f, -5*f + 326 = -2*i. Calculate the greatest common factor of r and f.
33
Suppose 3*z + 377 = 1274. What is the greatest common factor of z and 26?
13
Let l be (2/10*44)/(4/20). Let k = l - 28. Calculate the greatest common factor of 16 and k.
16
Let j be 1/(2*(-2)/(-28)). Let o = 205 - 170. Calculate the greatest common divisor of j and o.
7
Let n(b) be the second derivative of -b**5/20 + 7*b**2/2 + 4*b. Let m = -12 - -7. Let j be n(m). What is the greatest common factor of j and 12?
12
Suppose -3*i = 4*s - 5*i + 12, 5*s + 14 = 2*i. Let m(f) = 9*f**2 + f - 2. Let g be m(s). What is the greatest common divisor of 32 and g?
32
Suppose 20*n - 16 = 18*n. Suppose 0 = -d - 2*a + 30, 2*d - 23 = -2*a + 39. Calculate the greatest common divisor of d and n.
8
Suppose 8 = -2*j + 12. Suppose 3*c + 6 = 2*h + 5*c, -3*h = j*c - 9. Calculate the greatest common factor of 15 and h.
3
Suppose -3*k - 5*f = 6 + 4, 10 = -4*k - 5*f. Let p(b) = -b**3 + 2. Let m be p(k). Calculate the highest common divisor of m and 2.
2
Let k(y) = -2*y - 16. Let v be k(7). Let t = 55 + v. Calculate the highest common factor of t and 25.
25
Suppose 6*f + 120 = -5*t + 3*f, 3*t = 5*f - 72. Let l(k) = k**3 + 25*k**2 + 15*k - 40. Let z be l(t). What is the greatest common divisor of z and 16?
16
Let i(z) = -z**2 + 4*z + 60. Let h be i(0). Calculate the highest common factor of h and 105.
15
Let b be ((-400)/60)/(2*4/(-240)). Calculate the highest common divisor of b and 24.
8
Let a = 30 - 18. Suppose 3*y - 2*q - 19 - 36 = 0, 4*y + 4*q = 40. Let n(u) = -u**2 + 23*u - 12. Let o be n(y). Calculate the greatest common factor of o and a.
12
Suppose -2*s + 62 = 3*u, 2*s - u - 115 = -s. Let i = s + -15. Let j be (-8 + 9/3)*-11. What is the highest common divisor of j and i?
11
Suppose 2*g = g + 27. Let x(t) = -9*t + 10 - 23*t**2 - g*t**2 + 49*t**2. Let r be x(-8). Calculate the greatest common divisor of r and 45.
9
Let j be (1 - 0/(-1))/((-2)/(-14)). Suppose 0 = 4*o - x, 2*o + o = -x + j. Calculate the greatest common factor of 8 and o.
1
Suppose -170 = -4*n - 6*n. Let p(c) = -9*c - 20. Let s be p(-6). What is the highest common divisor of s and n?
17
Suppose -2*p + 42 = p. Suppose -5*f + 17*f = 312. Suppose g - 16 = f. What is the greatest common divisor of g and p?
14
Let m be 702/52*(-64)/(-6). What is the greatest common divisor of 27 and m?
9
Let f = -585 - -1079. Calculate the highest common factor of f and 78.
26
Let n(g) be the third derivative of g**5/20 + g**4/12 - g**3/2 - 31*g**2. Let k be n(1). Calculate the highest common divisor of k and 22.
2
Suppose -8*i + 5*i = 3. Let f(g) = 8*g**2 + 1. Let w be f(i). What is the highest common divisor of w and 81?
9
Let u(r) = -15*r + 18. Let m be u(-9). Suppose 5*q - 5*f = -0*f + 70, -3*q = -4*f - 47. What is the highest common factor of m and q?
9
Suppose -3*k = 2*m - 70, -122 = -21*m + 17*m + 3*k. Let d(c) = -c**3 + 16*c**2 + 19*c - 2. Let h be d(17). What is the highest common factor of h and m?
32
Suppose 0*c - 2*c = 4. Let i(l) = -4*l**3 - 4*l**2 - 5*l - 4. Let x be i(c). Calculate the greatest common divisor of 66 and x.
22
Let j be (-2)/((-4)/422) - 1. Suppose 0 = -22*z + 289 + 1559. What is the highest common divisor of z and j?
42
Let j = -627 - -633. Calculate the greatest common factor of 141 and j.
3
Suppose 0 = 11*p - 4*p. Suppose p = 11*h - 6*h - 20. Calculate the highest common divisor of 8 and h.
4
Suppose 3084 = 3*v + 3*a, -v + 0*a + 1036 = 5*a. What is the greatest common divisor of v and 38?
38
Suppose s - 79 = -3*o, -18*s + 21*s - 232 = -4*o. What is the greatest common divisor of 16 and s?
4
Let q be (66/(-44))/(6/(-8)). Suppose 0 = 5*j - 3*g, -3*j - q*j + 40 = 5*g. What is the greatest common factor of j and 24?
3
Let o(q) = 13*q + 198. Let m be o(-5). Calculate the greatest common divisor of m and 76.
19
Let a(m) = -65*m + 251. Let n be a(3). What is the greatest common factor of 742 and n?
14
Let q be 3 - 75/20 - 203/(-4). Let a be q*(-23)/(-4) - 6/4. Calculate the highest common factor of 26 and a.
26
Suppose -2*q = -2, 0 = -5*b + 4*b + 3*q - 2. Let h = 11 - b. Calculate the greatest common factor of h and 2.
2
Suppose 6*y = 15 + 3. Suppose -y*a + 4 = -a. What is the highest common divisor of 18 and a?
2
Let w(t) = t**3 - 2*t**2 - 2*t + 3. Let x be (-2)/8 - (-13)/4. Let l be w(x). Let h be 620/45 + 4 - 2/(-9). Calculate the highest common factor of h and l.
6
Let t(n) = -n**3 + 12*n**2 + 43*n - 6. Let h be t(8). Calculate the highest common factor of h and 81.
27
Let a be 184/24*(22 + 2). Calculate the greatest common factor of a and 12.
4
Let a be (-4)/(-8) + (-315)/(-6). Let o = -40 + a. Suppose -5*g = 0, 5*p - 133 - 387 = 2*g. What is the highest common factor of o and p?
13
Let b = -8 + 13. Suppose 0 = n + 2, b*i + 0 = 5*n + 20. Suppose i*y - v = 20, -3*y - y + 5*v = -34. What is the highest common divisor of y and 11?
11
Let j be (-2)/(290/(-75) + 4). Let a be (-2)/(-6) - 370/j. What is the highest common factor of a and 175?
25
Suppose -4*d - d + 20 = 0. Suppose -3*q + 76 = 4*g, 0 = -4*q + 5*g - 6*g + 110. Calculate the greatest common factor of d and q.
4
Let z = -108 + 113. Suppose z*h = 49 - 4. What is the greatest common divisor of 45 and h?
9
Suppose -4*y + 44 = 4. Calculate the highest common divisor of 1730 and y.
10
Let y = 167 - 158. Calculate the highest common divis